= 3*x. Suppose 0*y + z = x*y. Calculate the remainder when 10 is divided by y.
4
Let z = -67 - -163. Calculate the remainder when z is divided by 25.
21
Let q(z) = -z**3 - 4*z**2 - 4*z + 3. Let j(c) = -c**3 - 5*c**2 + 8*c + 8. Let i be j(-6). What is the remainder when 36 is divided by q(i)?
17
Suppose -7*v + 409 = 101. Suppose -2*j - j + 4*r + 41 = 0, r = j - 14. Calculate the remainder when v is divided by j.
14
Calculate the remainder when (6 + 4)*84/15 is divided by 20.
16
Let i(k) = 2*k**2 - k. Let m = -15 - -17. What is the remainder when 9 is divided by i(m)?
3
Let c = 9 - 5. Suppose -3*v + 30 = -3. What is the remainder when v is divided by c?
3
Let h = -9 - -21. What is the remainder when h is divided by 8?
4
Calculate the remainder when 9 is divided by 0/(-4) + 2 - -2.
1
Suppose -341 = -4*w + 5*q, -2*w + 2*q + 170 = -0*w. What is the remainder when w is divided by 17?
16
Let s(n) = -n**3 - 11*n**2 - 11*n + 5. Calculate the remainder when s(-10) is divided by 8.
7
Suppose -5*h - 3*b = -h - 72, 5*h = b + 71. Calculate the remainder when h is divided by -1 + 0/(-3) - -9.
7
Let d(k) be the third derivative of 1/60*k**5 - 1/24*k**4 + 0 + 0*k**3 - k**2 + 0*k. What is the remainder when 3 is divided by d(2)?
1
Let d(g) = g**2 - 2*g + 40. What is the remainder when d(0) is divided by 14?
12
Let a = 2 - -3. Let b(n) = 0 - 4 + a + 1 - n. Calculate the remainder when 11 is divided by b(-2).
3
Suppose -2*u - 143 = -15. Let p be -2 + 4 + u/(-2). Suppose -h - h = -p. What is the remainder when 50 is divided by h?
16
What is the remainder when (-35)/20*24/(-2) is divided by 12?
9
Suppose 3*q + 8 = 50. Let l(k) = 5*k**2 + 3*k + 3. What is the remainder when l(-3) is divided by q?
11
Let y = -1 + 0. Let l = y + 7. Calculate the remainder when 15/l*-3*-2 is divided by 8.
7
Let u(p) = 4*p + 1. Suppose -2*k - 8 + 40 = 0. What is the remainder when u(7) is divided by k?
13
Let m = -3 + 16. Let l(j) = -j**2 - 3*j. Let k be l(-3). What is the remainder when 0 + k + -2 - -51 is divided by m?
10
Let l(q) = -2*q - 11. Suppose 0*v - 2*v + 82 = 0. What is the remainder when v is divided by l(-11)?
8
Suppose 3*f = f + 4. What is the remainder when 9/f*(3 + -1) is divided by 5?
4
Let o be (30/8)/((-15)/80). Let i = 38 + o. What is the remainder when i is divided by 5?
3
Suppose 35 = 3*w - 7. Calculate the remainder when 53 is divided by w.
11
Suppose -72 = -2*s - 0*s. Calculate the remainder when s is divided by 19.
17
Let i(d) = d + 7. Let s be i(-5). Suppose 0 = -s*o + o. Suppose o = -3*n - 16 + 124. Calculate the remainder when n is divided by 19.
17
Suppose -5*l = 3*f - 83, -58 = -2*f - 2*l - 0. What is the remainder when f is divided by 8?
7
Let i = 19 - 13. What is the remainder when -2*1/(-2)*10 is divided by i?
4
Let d = -5 - -15. Let h = 7 + d. What is the remainder when h is divided by 5?
2
Let z = -124 + 179. Calculate the remainder when z is divided by 14.
13
Let x be (-1872)/(-11) - 2/11. Suppose -2*s - 3*s + x = 0. Calculate the remainder when s is divided by 9.
7
Suppose -1 = -d + 2. Suppose d*p + 69 = 6*p + 3*y, -p = -y - 15. Suppose 2*l - 77 = -p. Calculate the remainder when l is divided by 15.
14
Suppose 4*p - 172 = -6*j + j, 0 = -2*j + 5*p + 49. Let z = 5 - -6. What is the remainder when j is divided by z?
10
Suppose 2*i = 3*i - 4. Suppose 2*y + f = i*y - 49, 128 = 4*y + 4*f. What is the remainder when y is divided by 7?
6
Let t(o) = -5*o**3 - o**2 - o - 1. What is the remainder when t(-1) is divided by 2?
0
Suppose -26 = -2*y + y. Let q = 37 - y. What is the remainder when 32 is divided by q?
10
Suppose 3*p - 76 = -2*j, -3*p + 3*j + 93 + 3 = 0. What is the remainder when 108 is divided by p?
24
Suppose -2*b + i = -29, 2*b + 15*i - 28 = 17*i. Suppose -3*k - 45 = -8*k. What is the remainder when b is divided by k?
6
Let k = -58 + 86. What is the remainder when k is divided by (6 - -2*1) + 2?
8
Suppose 3*i - 19 = -a, -2*i - a = -4*a - 20. Let x(r) = -r**2 + 13. Let j be x(0). Calculate the remainder when j/(-2)*(-4 + 2) is divided by i.
6
Let r be (-1 - -6)/(2/10). Suppose -15 - r = -4*d. Let z(m) = 7*m - 2. What is the remainder when z(3) is divided by d?
9
Suppose -4*v - 9 - 11 = 0. Let x(q) = -q**3 - 6*q**2 - 4*q + 5. Let h be x(v). Suppose -5*m + 32 + 3 = h. What is the remainder when m is divided by 3?
1
Let f(r) = -r**3 - r**2 + 3*r. Let p(t) = -23*t**3 + 10*t**2 + 9*t - 2. Calculate the remainder when f(-5) is divided by p(-1).
19
Let q = 2 + 0. Suppose 4*y + 16 = 0, 4*n - 5*y - 26 = 18. What is the remainder when -1 + 24 - q/2 is divided by n?
4
Let o = -6 + 8. What is the remainder when 5 is divided by o?
1
Calculate the remainder when 69 is divided by -4 - 0 - (-22 + 0).
15
Let b(w) = -w**2 + 8*w - 8. What is the remainder when 11 is divided by b(6)?
3
Suppose -16*n + 468 = -3*n. Calculate the remainder when 101 is divided by n.
29
Calculate the remainder when 71 is divided by (133/(-21))/(3/(-9)).
14
Suppose 102 = 5*r + 7. Calculate the remainder when 54 is divided by r.
16
Suppose -2*s - 10 = 3*s, -5*b - s = 137. Let h = 41 + b. Suppose -y + 3*y = 2*a - 100, -162 = -3*a - y. Calculate the remainder when a is divided by h.
11
Suppose -2*u + 5*b + 5 = -u, 5*u - b + 23 = 0. Let p be ((-8)/u)/(7/(-35)). Let l = 6 - p. Calculate the remainder when 26 is divided by l.
12
Let w(n) = n. Let p = -2 + 4. Let u = p + 3. What is the remainder when u is divided by w(3)?
2
Suppose -t - 4*t + 30 = 0. Let r = 4 - 5. Let f(s) = -10*s**3 - s**2 - s. What is the remainder when f(r) is divided by t?
4
Let w(d) = 3*d**3 - 1 - 3*d**2 - d + d + 4*d - 2. What is the remainder when 50 is divided by w(2)?
16
Let s = -50 - -58. Suppose 4 = r + v - 3, -2*r + 4*v - 10 = 0. Calculate the remainder when s is divided by r.
2
Let g(l) = l - 4. Let s be g(2). Let b = s + 2. Suppose b = -2*f + 12 + 16. Calculate the remainder when 27 is divided by f.
13
Calculate the remainder when (-12)/42 + (-186)/(-14) is divided by 4.
1
Let d = 15 + -14. What is the remainder when 85 is divided by 3/d + (-190)/(-10)?
19
Suppose -3*s = 2*h + 2*h - 133, 0 = -5*h - 5*s + 170. What is the remainder when 91 is divided by h?
29
Let m(o) = o - 3*o + o + 5 - 9*o. What is the remainder when m(-6) is divided by 17?
14
Let i(d) = 3*d**2 - 4*d**2 - 2 - 2*d**3 + d + 3*d**3. Let c be i(2). Suppose -c*t + 2 + 6 = 0. Calculate the remainder when t is divided by 2.
0
Let a(v) = 24*v**2 - v. Calculate the remainder when a(-2) is divided by 33.
32
Let n = 235 - 163. What is the remainder when n is divided by 25?
22
Let f = 3 + -1. Suppose -f*o - o + 33 = 0. Suppose 5*i - 5*q - 145 = 0, 2*i + 2*q - 70 = -0*i. What is the remainder when i is divided by o?
10
Suppose -8 = -2*u + 2. What is the remainder when (24/(-15))/(1/(-5)) is divided by 8/3 - u/(-15)?
2
Let i(o) = -8*o**2 - 2*o + 4. Let h(v) = v**3 - v**2 + v + 1. Let t(r) = h(r) - i(r). Let k = 12 + -18. Calculate the remainder when 43 is divided by t(k).
13
Suppose -2*g = -5 - 1. Suppose -5*w + 3*y - 8*y = -55, 5*y = -3*w + 43. Calculate the remainder when 3*w*4/12 is divided by g.
0
Let i(g) = 83*g**2 - g - 1. What is the remainder when i(1) is divided by 14?
11
Let k(l) = -4*l**2 - 2*l + 3. Let a be k(-5). Let p(d) = 125*d**3 + 2*d - 1. Let m be p(1). Let h = a + m. Calculate the remainder when h is divided by 10.
9
Suppose -6 = -3*h + 3. Suppose -19 = -h*v + 5. What is the remainder when 30 is divided by v?
6
Let j be (-4)/6 + 1/(-3). Let b be -6*(j + -1)/2. Suppose o = 2*q + b, q + 2*q + 14 = 2*o. What is the remainder when 29 is divided by o?
9
What is the remainder when 161*1 + (2 - (-8 + 12)) is divided by 32?
31
Suppose -3*l - 5*f + 3 = -4*l, -l - 5*f = -7. Suppose 3*t - 42 = -3*o, 0*o + l*o + 5*t = 34. What is the remainder when o is divided by 7?
5
Let f = -5 + 8. Suppose -3*y - 1 = m + f*m, -5*m = -2*y - 16. Calculate the remainder when 4 is divided by m.
0
Let d = 16 + -9. Suppose -5*r = -107 + 7. Calculate the remainder when r is divided by d.
6
Let z(x) be the first derivative of -5*x**2/2 - 2. Let b be z(-2). Let y(q) = 4*q - 14. Calculate the remainder when y(b) is divided by 9.
8
Let p(s) = 126*s**3 + 2*s - 1. What is the remainder when p(1) is divided by 32?
31
Let u = -10 - -6. Let b(y) = 2*y**2 + y + 5. Calculate the rem